6, -3060 - 490 = -j + h. What is the hundreds digit of j?
5
Let l = 626 + -164. Suppose 3*u - l = -0*h + 2*h, -2*h + 298 = 2*u. What is the tens digit of u?
5
Let s(o) = o. Let a be s(-1). Let p(i) = -11*i + 7. Let b(u) = -11*u + 5. Let c(w) = 3*b(w) - 2*p(w). What is the tens digit of c(a)?
1
Let o(j) = -3087*j + 593. What is the hundreds digit of o(-6)?
1
Let m(w) = 4*w**2 - 24*w + 7. Let p be m(5). What is the tens digit of (-1)/(((-39)/(-2889))/p)?
6
Suppose 0 = c + 4*c + 1460. Let s be 138/((-6)/6) + -2. Let u = s - c. What is the units digit of u?
2
Suppose 0 = -12*i + 25*i - 169478 - 236993. What is the units digit of i?
7
Suppose 0 = 11*f - 13*f + 6. Suppose -f*a - 5304 = -15*a. What is the tens digit of a?
4
Let h = 19764 + -16958. What is the hundreds digit of h?
8
Suppose 15 = 2*z + z, -2*z + 83 = -q. Let d = q + 80. Suppose -2*i = 3*o - 483, 5*o - 6*i - 805 = -d*i. What is the units digit of o?
1
Suppose 470*u + 107111 = 493*u. What is the thousands digit of u?
4
What is the hundreds digit of (15 - 42688/69)*-63?
0
Let j(l) = l**2 - 10*l - 1. Let n be j(11). Suppose -5*d = 4*s, 6*s + 5*d = 4*s. Suppose n*b - 7*b - 69 = s. What is the tens digit of b?
2
Suppose -v + 23736 = -4*n, 3*v + 5*n - 71144 = 9*n. What is the hundreds digit of v?
7
Suppose -4*z - 776 = -4*h, -4*z - 200 = -3*z - 4*h. What is the thousands digit of (12/(z/40))/((-2)/1284)?
1
Suppose -2*z + 5*f + 1901 = 368, -z + 780 = 2*f. Let x = -463 + z. What is the tens digit of x?
1
Suppose 30*y - 34*y - 1820 = 0. Let u = 1086 + y. What is the tens digit of u?
3
Let k be 957/(-2) - 6/(-4). Let u = 892 + k. What is the tens digit of u?
1
Let m = 7566 - 3179. Suppose 9*k - 4*k - 4*c = 5445, -4*k - 3*c = -m. What is the tens digit of k?
9
What is the thousands digit of (-13)/((-208)/60648) + 11/22?
3
Let o(r) = -r**3 + 11*r**2 - 28*r + 5. Let z be o(4). Suppose -4*j + 0*x = -2*x - 5330, -3978 = -3*j - z*x. What is the hundreds digit of j?
3
Suppose 35 = 11*q + 46. What is the units digit of (q/(-2)*-1)/(47/(-152468))?
2
Let h(f) = -f**3 + 2*f**2 + 37*f + 11. Let s be h(-5). Suppose -m - s = -32. What is the tens digit of m?
3
Suppose 2*o - 27575 + 178007 = 3*b, 5*o - 250745 = -5*b. What is the hundreds digit of b?
1
Let c = 1465 - 70. Suppose -5*x + 0*x + 1365 = 3*l, 0 = -3*l + 5*x + c. What is the units digit of l?
0
Let y = -14766 - -39138. What is the hundreds digit of y?
3
Let h(z) = 9*z**3 + 3*z + 1. Let b be 12/2 + (8 - 77/7). What is the tens digit of h(b)?
5
Suppose p = 23 + 17. Suppose -4*r - 304 + p = 0. What is the units digit of 382/6 + 44/r?
3
Let s = 1949 - -237. What is the tens digit of s?
8
Suppose -i - 1 = 5*r + 15, 10 = -5*r + 5*i. What is the units digit of (1/r)/((-3)/3816)?
4
Suppose -10*a = 8449 - 58819. What is the units digit of a?
7
Let v(d) = -3*d**3 + d. Let y be v(-1). Let o(f) = 33 + 27*f - 5*f**2 + 4 + 7*f**2 + 0*f**y. What is the hundreds digit of o(-17)?
1
Let t(p) = -139*p + 712. What is the hundreds digit of t(-26)?
3
Suppose 32*w - 66*w = -309808. What is the thousands digit of w?
9
Suppose -5*w + 3*c + 18 = 0, -8*w + c + 7 = -6*w. Suppose 0 = 3*m - 3, 4*j + w*m = -349 + 1620. What is the units digit of j?
7
Let h = 17800 - -22340. What is the ten thousands digit of h?
4
Let o = -40 - -422. Suppose 3*w - 2*c = 1113, w - o = -c - 2*c. What is the tens digit of w?
7
What is the thousands digit of (-23)/((-23)/6654) + 5?
6
Suppose -k + 3*n + 2 + 1 = 0, 0 = 3*k - 3*n - 3. Suppose k = -23*v + 28*v - 20. Suppose -4 = 2*y, -4*y - 198 = v*r - 5*r. What is the units digit of r?
0
Let x be (-2586)/(-18) + 5/15. What is the hundreds digit of 29349/24 + 18/x?
2
Suppose -3*p = -2*i + 110, 5*i = 2*i + 5*p + 165. Suppose 2*g - 2*y - y = -48, 3*g - 3*y + 72 = 0. Let c = i + g. What is the units digit of c?
1
Let w(t) = -t**2 + 5*t + 5. Let b be w(5). Suppose 0 = b*k - 4*p - 238, -p + 4 = -3*p. What is the units digit of k?
6
Suppose 0 = 5*b + w + 150700 + 32648, 5*w = -4*b - 146670. What is the hundreds digit of b/(-70) - (-2)/14?
5
What is the hundreds digit of (-2408502)/(-54) - 1/(-3) - 2/9?
6
Let t = -75 + 115. Let q = t + -34. Suppose q*s = 3*s + 93. What is the tens digit of s?
3
Suppose -3*p = -9*p - 7*p + 120016. What is the hundreds digit of p?
2
Let h be (-1 - -1) + -1 + 13. Let m be (102/30 - 0) + 18/30 + -1. Suppose -i = -h + m. What is the units digit of i?
9
Suppose -3*i - 2*o = -32, 0*o + 3*o + 71 = 4*i. Suppose 10*t = i*t - 8. Suppose -2*h - t*g = -1 - 3, -4*h - g + 17 = 0. What is the units digit of h?
5
Let z be -2 + 3*(1 + 0). Let l be (-7 + -144)*z/(2/(-6)). Suppose -3*d = 147 - l. What is the tens digit of d?
0
Suppose 30*h + 6624 = 24*h. Let r = h + 1886. What is the tens digit of r?
8
Suppose -344 = -121*t + 119*t. Let p(k) = -2*k**3 + 7*k**2 - 5*k - 3. Let w be p(5). Let l = w + t. What is the tens digit of l?
6
Suppose 12*c - 15*c = -240. Suppose -100 = 4*f - 5*j, -2*j = -3*f - 44 - 24. What is the units digit of c/(-6)*336/f?
4
Suppose -5*o - 3*i - 4362 = 0, 4*o + 1741 = 2*o - 5*i. Let s = o - -1483. What is the hundreds digit of s?
6
Let l(k) = 3477*k**2 + 1593*k + 3. What is the thousands digit of l(-5)?
8
Suppose -6*q + 4*q = 3*z - 9, 5*q = -2*z + 17. Suppose -4*x + x + 657 = -4*r, 819 = -5*r + q*x. Let d = 279 + r. What is the hundreds digit of d?
1
Let r = -92 - -154. What is the hundreds digit of 13175/r - 1/2?
2
Suppose 29 = -3*w + 38. Suppose -k + 4*o - 1726 = -w*k, -5*o = 2*k - 1728. What is the hundreds digit of k?
8
Suppose -3*z - 1855 - 866 = 0. Let p = -374 - z. What is the tens digit of p?
3
Suppose 0 = -13*h + 69 + 61. Suppose h*f = 6*f + 2152. What is the tens digit of f?
3
Let b(f) = 319*f - 49. What is the hundreds digit of b(63)?
0
Let g(u) = 8*u + 80. Let f be g(-10). What is the tens digit of (f - (-5 - -10))/((-3)/186)?
1
Let c = -60 - -62. Let z(k) = -8*k + 4. Let p be z(c). Let o(y) = -y**2 - 15*y + 7. What is the tens digit of o(p)?
4
Suppose -7*b + 21920 = -2*b + 4*r, 2*r + 10 = 0. What is the hundreds digit of b?
3
Suppose 2*p = -2*n + 109990, 4*n = 381*p - 377*p - 219916. What is the tens digit of p?
8
Let h(k) = -16*k - 5*k - 3*k + 2*k. Let o be h(-9). Suppose 0 = -4*s + n + o, n - 6*n = 3*s - 137. What is the units digit of s?
9
Let m = -48 - -50. Let r be (-3 - (-1 - 4))*m/1. Suppose 0 = -2*w - 2*t + 60, r*t + 3 = t. What is the tens digit of w?
3
Suppose 4*m + 16 = 12*m. Suppose 10*u - m*z = 6*u + 1802, -3*u = 5*z - 1358. What is the hundreds digit of u?
4
Let a = -468 - -3794. Suppose -3*o + 3*c = -1974, -4*o = -9*o - 4*c + a. What is the hundreds digit of o?
6
Suppose -1769*u + 1731*u + 864158 = 0. What is the ten thousands digit of u?
2
Let p = 114405 + -63923. What is the hundreds digit of p?
4
Let d = -194 + 73. What is the tens digit of (-5 - (-4)/(-12)*0)*d?
0
Let a(x) = -1 + 8*x**2 + 2*x**2 + x**3 + 8*x**2 + 26*x. What is the tens digit of a(-15)?
8
Suppose -5*g + 1 = h - 15, -3*g = -6. Let l(p) = -7 + 50*p + h + 0 + 3. What is the units digit of l(1)?
2
Let s = -190 - -222. What is the tens digit of 3/(-3)*s*-43?
7
Let l = 16381 - 8914. What is the thousands digit of l?
7
Let c be (-759)/(-12) - (-12)/16. Suppose 8*i - 208 + c = 0. Suppose 4*q - 5 = -4*t + 3*t, -3*q = -4*t - i. What is the units digit of q?
2
Suppose 220 = -9*p + 1300. Suppose -6*z - p = -10*z. Let m = z + -17. What is the units digit of m?
3
Suppose 0 = -4*k + 5*d + 1965 - 290, -4*d = 12. What is the hundreds digit of k?
4
Let n = 207 - 577. Let x = -236 - n. What is the units digit of x?
4
Suppose 5*d - 26*p + 24*p - 10 = 0, -2*d = -2*p - 4. What is the units digit of (d/(-3))/(-6 - 35992/(-6000))?
0
Suppose -4*t - 24244 = -3*x, 16176 = 2*x + 7*t - 3*t. What is the units digit of x?
4
Let n = -22204 - -36084. What is the ten thousands digit of n?
1
Let l be (0 + 31)/((-2)/372*3). What is the units digit of 1*l/(-4) + 3/(-6)?
0
Suppose x = 3*u + 13143, u - 26287 = -2*x + 6*u. What is the ten thousands digit of x?
1
Let v = 6198 - 2027. Suppose -10*b + v = -1819. What is the hundreds digit of b?
5
Let d(f) = 6*f**2 - 28*f + 1005. What is the ten thousands digit of d(44)?
1
Let n(s) = 39*s**2 - 7*s - 3. Let t be n(-4). Suppose t = 5*m - w - 0*w, 5*m = 2*w + 648. What is the units digit of (-3)/(((-36)/m)/6 + 0)?
5
Let k